t are the prime factors of 876692386?
2, 593, 739201
What are the prime factors of 181465420?
2, 5, 1289, 7039
What are the prime factors of 4220386260?
2, 3, 5, 61, 71, 109, 149
List the prime factors of 2041396642.
2, 41, 313, 79537
What are the prime factors of 57440880?
2, 3, 5, 7, 29, 131
List the prime factors of 375275908.
2, 7, 1914673
What are the prime factors of 219542980?
2, 5, 10977149
List the prime factors of 149643615.
3, 5, 11, 906931
List the prime factors of 53152144.
2, 3322009
List the prime factors of 132709114.
2, 103, 701, 919
List the prime factors of 1208132698.
2, 173, 821, 4253
List the prime factors of 77962931.
263, 296437
List the prime factors of 130051216.
2, 2851
List the prime factors of 43991277.
3, 11, 457, 2917
List the prime factors of 3250443126.
2, 3, 7, 19, 581891
List the prime factors of 2323811839.
83, 27997733
List the prime factors of 31291904.
2, 7, 8731
What are the prime factors of 569937332?
2, 23, 6194971
List the prime factors of 50685048.
2, 3, 234653
List the prime factors of 2121780200.
2, 5, 17, 36709
What are the prime factors of 212621379?
3, 587, 120739
List the prime factors of 20669270.
2, 5, 419, 4933
List the prime factors of 2253028900.
2, 5, 61, 433, 853
List the prime factors of 907207535.
5, 13, 19, 97, 7573
List the prime factors of 42711849.
3, 4745761
List the prime factors of 3061786584.
2, 3, 127574441
What are the prime factors of 2519957956?
2, 73, 97, 88969
List the prime factors of 93001652.
2, 23250413
What are the prime factors of 53169558?
2, 3, 13, 607, 1123
List the prime factors of 760156586.
2, 7, 1723, 31513
What are the prime factors of 4847558?
2, 59, 41081
What are the prime factors of 424580432?
2, 131, 202567
List the prime factors of 6030788115.
3, 5, 11, 53, 757, 911
What are the prime factors of 1992698?
2, 631, 1579
List the prime factors of 98528919.
3, 809, 40597
What are the prime factors of 408994578?
2, 3, 22721921
What are the prime factors of 376353710?
2, 5, 19, 1980809
What are the prime factors of 1123053046?
2, 561526523
What are the prime factors of 1619549392?
2, 6803, 14879
List the prime factors of 4990519056.
2, 3, 29, 3585143
List the prime factors of 89674194.
2, 3, 23, 649813
What are the prime factors of 2725401551?
7669, 355379
List the prime factors of 12962700.
2, 3, 5, 4801
List the prime factors of 35440302.
2, 3, 37, 263, 607
List the prime factors of 2174369270.
2, 5, 11863, 18329
List the prime factors of 41161729.
7, 761, 7727
What are the prime factors of 32752985?
5, 1709, 3833
List the prime factors of 657751385.
5, 89, 137, 10789
List the prime factors of 4621185761.
199, 601, 38639
List the prime factors of 1779269374.
2, 23, 41, 943409
What are the prime factors of 3592176833?
7, 179, 607, 4723
What are the prime factors of 405884545?
5, 11, 61, 311, 389
What are the prime factors of 44321435?
5, 587, 15101
What are the prime factors of 127679798?
2, 63839899
List the prime factors of 2752608345.
3, 5, 47, 3904409
What are the prime factors of 55134640?
2, 5, 11, 62653
What are the prime factors of 1646758?
2, 577, 1427
List the prime factors of 236194922.
2, 8243, 14327
List the prime factors of 1104254.
2, 552127
List the prime factors of 2492044798.
2, 1789, 696491
List the prime factors of 1294479575.
5, 51779183
What are the prime factors of 176787636?
2, 3, 14732303
What are the prime factors of 236409934?
2, 118204967
What are the prime factors of 1348455128?
2, 4651, 36241
List the prime factors of 1035840468.
2, 3, 13, 6640003
List the prime factors of 1529152142.
2, 7, 17, 937, 6857
What are the prime factors of 4666562764?
2, 17, 41, 98459
What are the prime factors of 254478398?
2, 47, 181, 14957
What are the prime factors of 3405672?
2, 3, 15767
What are the prime factors of 984345008?
2, 19, 3237977
List the prime factors of 2569530083.
37, 463, 149993
What are the prime factors of 302305170?
2, 3, 5, 37, 272347
What are the prime factors of 1035630304?
2, 59, 548533
What are the prime factors of 36355872?
2, 3, 7, 54101
List the prime factors of 100639990.
2, 5, 11, 73, 83, 151
List the prime factors of 3458466847.
11, 47, 6689491
List the prime factors of 16739978.
2, 8369989
List the prime factors of 1416189846.
2, 3, 3851, 61291
What are the prime factors of 1062991050?
2, 3, 5, 11, 58567
What are the prime factors of 50795648?
2, 67, 5923
List the prime factors of 1584978697.
17, 41, 47, 48383
List the prime factors of 1951386690.
2, 3, 5, 11, 5913293
What are the prime factors of 242650345?
5, 7, 23, 301429
What are the prime factors of 197893435?
5, 2729, 14503
What are the prime factors of 859816730?
2, 5, 37, 97, 23957
What are the prime factors of 179091614?
2, 13, 6888139
List the prime factors of 67246927.
11, 6113357
What are the prime factors of 4576222246?
2, 113, 20248771
What are the prime factors of 1785170739?
3, 11, 54096083
List the prime factors of 13467693.
3, 1667, 2693
What are the prime factors of 202384277?
202384277
What are the prime factors of 1324976543?
11, 7321, 16453
What are the prime factors of 1919172523?
1919172523
What are the prime factors of 50680739?
4283, 11833
What are the prime factors of 1462924361?
19, 23, 3347653
What are the prime factors of 233690789?
17, 251, 54767
What are the prime factors of 656704744?
2, 31, 97, 27299
List the prime factors of 2453901595.
5, 61, 8045579
What are the prime factors of 344251849?
107, 3217307
List the prime factors of 761818938.
2, 3, 727, 174649
List the prime factors of 2533964604.
2, 3, 137, 1541341
What are the prime factors of 388223592?
2, 3, 2063, 7841
List the prime factors of 1427653920.
2, 3, 5, 7, 11, 19, 107
What are the prime factors of 830763350?
2, 5, 593, 28019
What are the prime factors of 5236632887?
47, 111417721
List the prime factors of 104607402.
2, 3, 3917, 4451
List the prime factors of 314945653.
11, 19, 1506917
List the prime factors of 37649646.
2, 3, 37, 56531
List the prime factors of 880103954.
2, 440051977
List the prime factors of 1871436396.
2, 3, 31, 281, 17903
List the prime factors of 591065363.
7, 59, 271, 5281
What are the prime factors of 1415359456?
2, 7, 67, 94307
What are the prime factors of 558593634?
2, 3, 191, 487429
List the prime factors of 691143801.
3, 149, 743, 2081
What are the prime factors of 1318040329?
1318040329
What are the prime factors of 32332305?
3, 5, 2155487
List the prime factors of 410352828.
2, 3, 31, 541, 2039
What are the prime factors of 201391064?
2, 7, 163, 22063
List the prime factors of 263323444.
2, 1129, 58309
List the prime factors of 109741462.
2, 127, 432053
List the prime factors of 141452149.
523, 270463
List the prime factors of 494199403.
4079, 121157
List the prime factors of 219815588.
2, 54953897
List the prime factors of 388995595.
5, 31, 2509649
What are the prime factors of 1800663707?
41, 277, 158551
What are the prime factors of 428632280?
2, 5, 10715807
What are the prime factors of 151078283?
23, 31, 211891
List the prime factors of 9712127.
47, 206641
List the prime factors of 76934957.
11, 677, 10331
What are the prime factors of 1091940166?
2, 545970083
List the prime factors of 6741907.
137, 49211
List the prime factors of 580347990.
2, 3, 5, 716479
What are the prime factors of 1611350251?
7, 89, 369491
List the prime factors of 7507443227.
37, 71, 2857801
List the prime factors of 112902501.
3, 1439, 26153
What are the prime factors of 211588421?
11, 223, 86257
List the prime factors of 1088747618.
2, 7, 77767687
List the prime factors of 2838939935.
5, 13, 43675999
List the prime factors of 35871278.
2, 19, 31, 37, 823
What are the prime factors of 6032097038?
2, 11, 41, 163109
What are the prime factors of 1253924457?
3, 417974819
List the prime factors of 279262466.
2, 7, 2849617
What are the prime factors of 101082846?
2, 3, 199, 84659
What are the prime factors of 157274156?
2, 13, 193, 15671
List the prime factors of 918398172.
2, 3, 1483, 51607
What are the prime factors of 177589607?
13, 31, 440669
What are the prime factors of 470843811?
3, 61, 83, 10333
List the prime factors of 187104637.
13577, 13781
What are the prime factors of 120029101?
120029101
What are the prime factors of 643806839?
13, 1997, 2479